 (base 4) in base 2?
1010
2 (base 13) to base 2
10
-284 (base 11) to base 7
-655
What is 62 (base 16) in base 10?
98
Convert -20 (base 5) to base 3.
-101
Convert 0 (base 11) to base 3.
0
Convert -10 (base 13) to base 4.
-31
Convert -12 (base 9) to base 10.
-11
Convert -86 (base 10) to base 14.
-62
What is 52 (base 11) in base 4?
321
What is 101 (base 3) in base 8?
12
Convert -7 (base 13) to base 11.
-7
30 (base 10) to base 12
26
What is 231 (base 5) in base 15?
46
-8 (base 10) to base 8
-10
What is -10a (base 11) in base 12?
-ab
Convert 12 (base 4) to base 11.
6
2 (base 8) to base 9
2
113 (base 11) to base 8
207
76 (base 10) to base 11
6a
Convert -1 (base 9) to base 2.
-1
What is -a (base 15) in base 12?
-a
What is 6 (base 12) in base 14?
6
Convert 8 (base 15) to base 13.
8
Convert 16 (base 13) to base 7.
25
-100 (base 2) to base 10
-4
223 (base 6) to base 8
127
4 (base 10) to base 3
11
11 (base 3) to base 9
4
-11011 (base 3) to base 15
-77
What is -5 (base 12) in base 2?
-101
What is 17 (base 12) in base 14?
15
What is -7 (base 8) in base 13?
-7
What is -14 (base 6) in base 2?
-1010
10121 (base 4) to base 2
100011001
Convert 11 (base 14) to base 6.
23
Convert -1 (base 7) to base 10.
-1
20 (base 5) to base 8
12
What is 112 (base 3) in base 2?
1110
What is 10 (base 3) in base 6?
3
What is 4 (base 13) in base 4?
10
Convert 1 (base 9) to base 7.
1
-4 (base 6) to base 10
-4
4 (base 16) to base 3
11
Convert 0 (base 8) to base 2.
0
10 (base 5) to base 16
5
What is -10000 (base 2) in base 4?
-100
Convert -120 (base 8) to base 11.
-73
Convert -2 (base 9) to base 12.
-2
What is -11 (base 4) in base 11?
-5
Convert 20 (base 8) to base 15.
11
Convert 14 (base 11) to base 12.
13
Convert 137 (base 12) to base 7.
355
-3 (base 12) to base 14
-3
What is -134 (base 8) in base 14?
-68
340 (base 6) to base 14
96
-11 (base 6) to base 15
-7
What is -7 (base 10) in base 14?
-7
Convert 11 (base 13) to base 5.
24
Convert -71 (base 14) to base 6.
-243
Convert 170 (base 8) to base 14.
88
1010010 (base 2) to base 16
52
-d (base 16) to base 7
-16
Convert 1010 (base 3) to base 11.
28
31 (base 6) to base 14
15
Convert -122 (base 3) to base 8.
-21
-252 (base 6) to base 2
-1101000
-3d (base 15) to base 5
-213
What is -26 (base 11) in base 2?
-11100
e (base 16) to base 15
e
Convert 25 (base 12) to base 15.
1e
What is -4 (base 7) in base 3?
-11
Convert -1b (base 15) to base 12.
-22
What is 64 (base 9) in base 5?
213
What is -11011 (base 3) in base 13?
-88
-111 (base 2) to base 8
-7
Convert -1012 (base 3) to base 2.
-100000
-19 (base 14) to base 5
-43
-132 (base 4) to base 9
-33
4b (base 13) to base 11
58
What is -25 (base 15) in base 10?
-35
Convert -1 (base 10) to base 16.
-1
13 (base 14) to base 16
11
What is 1020 (base 5) in base 2?
10000111
11001 (base 2) to base 5
100
Convert -2 (base 6) to base 15.
-2
-32 (base 10) to base 16
-20
Convert 220 (base 4) to base 16.
28
101 (base 3) to base 11
a
What is -2 (base 9) in base 6?
-2
2 (base 15) to base 9
2
What is -2 (base 15) in base 2?
-10
2221 (base 3) to base 9
87
-3 (base 10) to base 4
-3
Convert 0 (base 15) to base 6.
0
9 (base 10) to base 3
100
Convert -4 (base 8) to base 15.
-4
180 (base 9) to base 16
99
-3 (base 12) to base 2
-11
Convert 4 (base 8) to base 13.
4
Convert 23 (base 15) to base 4.
201
Convert 1010 (base 2) to base 8.
12
Convert 3 (base 5) to base 15.
3
9 (base 12) to base 13
9
Convert 1 (base 9) to base 3.
1
-136 (base 10) to base 7
-253
Convert 203 (base 5) to base 15.
38
Convert -1 (base 10) to base 13.
-1
What is c (base 15) in base 8?
14
100 (base 9) to base 6
213
What is -13 (base 14) in base 3?
-122
Convert 3 (base 8) to base 7.
3
What is 2 (base 10) in base 13?
2
Convert -1 (base 2) to base 13.
-1
-15 (base 13) to base 8
-22
-24 (base 11) to base 4
-122
What is -94 (base 15) in base 9?
-164
11 (base 5) to base 8
6
What is 6 (base 9) in base 16?
6
Convert 3 (base 14) to base 5.
3
Convert 3 (base 10) to base 2.
11
Convert 213 (base 5) to base 9.
64
What is 1b (base 12) in base 10?
23
Convert -1103 (base 4) to base 11.
-76
-1001111 (base 2) to base 14
-59
Convert 100111110 (base 2) to base 16.
13e
What is -38 (base 9) in base 11?
-32
2 (base 9) to base 8
2
What is 112 (base 7) in base 13?
46
Convert 10 (base 2) to base 6.
2
What is -51 (base 14) in base 8?
-107
What is 1 (base 7) in base 12?
1
Convert -1111101 (base 2) to base 12.
-a5
What is 1a (base 15) in base 7?
34
11 (base 2) to base 5
3
Convert 3 (base 6) to base 3.
10
What is -2 (base 6) in base 12?
-2
5 (base 8) to base 4
11
-111002 (base 3) to base 7
-1013
10010 (base 3) to base 11
77
What is -23 (base 14) in base 8?
-37
Convert 208 (base 9) to base 2.
10101010
Convert -7a (base 12) to base 5.
-334
Convert 4 (base 10) to base 2.
100
Convert 67 (base 9) to base 2.
111101
Convert 2 (base 5) to base 7.
2
What is -9 (base 15) in base 2?
-1001
What is -b (base 12) in base 8?
-13
-10 (base 7) to base 4
-13
Convert -154 (base 12) to base 8.
-320
What is 120 (base 5) in base 11?
32
What is 100 (base 8) in base 13?
4c
What is 0 (base 13) in base 3?
0
Convert -2 (base 10) to base 11.
-2
3 (base 12) to base 9
3
Convert 8 (base 13) to base 15.
8
-1020 (base 3) to base 11
-30
11001 (base 2) to base 11
23
-5 (base 12) to base 14
-5
What is -10 (base 3) in base 11?
-3
210 (base 3) to base 6
33
153 (base 9) to base 6
333
What is 1031 (base 4) in base 14?
57
110 (base 2) to base 8
6
What is -5 (base 11) in base 9?
-5
-11 (base 14) to base 2
-1111
Convert -1 (base 4) to base 3.
-1
Convert 12 (base 3) to base 10.
5
Convert 422 (base 6) to base 16.
9e
-77 (base 14) to base 11
-96
-44 (base 5) to base 6
-40
What is -b3 (base 13) in base 6?
-402
Convert 22 (base 13) to base 12.
24
What is -2 (base 3) in base 12?
-2
What is 23 (base 8) in base 14?
15
What is -2 (base 16) in base 6?
-2
Convert 1212 (base 3) to base 2.
110010
Convert -38 (base 11) to base 3.
-1112
-3 (base 10) to base 15
-3
What is -6 (base 11) in base 7?
-6
Convert -10 (base 6) to base 8.
-6
-57 (base 16) to base 5
-322
What is -52 (base 11) in base 13?
-45
What is -113 (base 10) in base 8?
-161
What is -91 (base 12) in base 2?
-1101101
Convert 1 (base 14) to base 6.
1
What is 2 (base 10) in base 7?
2
What is -32 (base 8) in base 7?
-35
-27b (base 12) to base 4
-11333
Convert -25 (base 6) to base 11.
-16
42 (base 11) to base 2
101110
Convert -3 (base 16) to base 5.
-3
-51 (base 11) to base 5
-211
111 (base 2) to base 9
7
What is -13 (base 6) in base 14?
-9
Convert 7 (base 13) to base 14.
7
What is -1 (base 12) in base 16?
-1
What is 142 (base 9) in base 12?
9b
Convert 75 (base 16) to base 15.
7c
Convert -128 (base 9) to base 16.
-6b
-12 (base 16) to base 13
-15
5 (base 10) to base 2
101
Convert -6 (base 8) to base 9.
-6
Convert 76 (base 13) to base 2.
1100001
Convert 120 (base 3) to base 7.
21
What is -30 (base 4) in base 12?
-10
What is 100 (base 2) in base 15?
4
What is -1 (base 11) in base 2?
-1
-a (base 13) to base 3
-101
Convert 30 (base 14) to base 9.
46
-120 (base 4) to base 12
-20
Convert 2 (base 8) to base 6.
2
What is 4 (base 9) in base 3?
11
What is 1 (base 4) in base 13?
1
-31 (base 16) to base 6
-121
What is -b (base 13) in base 16?
-b
What is -8 (base 15) in base 5?
-13
What is 21 (base 10) in base 7?
30
Convert 2 (base 16) to base 3.
2
Convert 7b (base 16) to base 2.
1111011
Convert 0 (base 3) to base 9.
0
What is -31 (base 8) in base 11?
-23
Convert -26 (base 15) to base 16.
-24
Convert -29 (base 13) to base 16.
-23
Convert 20 (base 4) to base 14.
8
What is -200 (base 5) in base 13?
-3b
-121 (base 7) to base 16
-40
1 (base 11) to base 12
1
Convert 121 (base 11) to base 12.
100
Convert 0 (base 10) to base 7.
0
0 (base 2) to base 11
0
21 (base 15) to base 9
34
What is -22 (base 16) in base 7?
-46
6 (base 14) to base 4
12
What is 3 (base 4) in base 10?
3
Convert 41 (base 5) to base 7.
30
Convert -11 (base 4) to base 2.
-101
What is 18 (base 11) in base 8?
23
Convert -201 (base 7) to base 11.
-90
331 (base 8) to base 2
11011001
What is -12 (base 7) in base 16?
-9
-2 (base 3) to base 2
-10
What is 2 (base 10) in base 3?
2
What is 7 (base 10) in base 9?
7
Convert 112 (base 9) to base 15.
62
-72 (base 9) to base 14
-49
111110 (base 2) to base 11
57
4 (base 8) to base 3
11
40 (base 14) to b